t common divisor of 3434 and 850?
34
What is the highest common factor of 138 and 48?
6
Calculate the greatest common divisor of 2716 and 112.
28
Calculate the greatest common divisor of 4920 and 360.
120
Calculate the greatest common factor of 143 and 13.
13
Calculate the greatest common divisor of 324 and 72.
36
Calculate the greatest common divisor of 3078 and 12.
6
What is the greatest common factor of 7 and 581?
7
Calculate the greatest common divisor of 69 and 276.
69
What is the greatest common divisor of 46 and 4094?
46
Calculate the greatest common divisor of 45 and 64.
1
What is the highest common divisor of 18 and 450?
18
What is the greatest common divisor of 19 and 361?
19
What is the highest common divisor of 51 and 6?
3
What is the highest common divisor of 21356 and 76?
76
Calculate the greatest common divisor of 2585 and 7520.
235
Calculate the greatest common factor of 24 and 6.
6
What is the greatest common divisor of 52 and 2743?
13
What is the highest common factor of 54 and 216?
54
Calculate the greatest common factor of 256 and 244.
4
Calculate the greatest common divisor of 735 and 420.
105
What is the highest common factor of 123 and 2706?
123
Calculate the greatest common divisor of 124 and 2666.
62
What is the highest common factor of 966 and 21?
21
Calculate the highest common factor of 108 and 176.
4
Calculate the highest common factor of 3 and 5145.
3
Calculate the highest common factor of 195 and 13.
13
Calculate the greatest common divisor of 54 and 189.
27
What is the greatest common factor of 1510 and 30?
10
What is the highest common factor of 5330 and 806?
26
What is the highest common factor of 14 and 18214?
14
Calculate the highest common divisor of 131 and 786.
131
Calculate the highest common divisor of 8 and 3.
1
Calculate the greatest common factor of 792 and 4048.
88
Calculate the greatest common divisor of 1044 and 288.
36
Calculate the highest common factor of 928 and 128.
32
Calculate the greatest common factor of 2413 and 254.
127
Calculate the highest common divisor of 350 and 2905.
35
What is the highest common factor of 48 and 848?
16
Calculate the greatest common factor of 416 and 640.
32
What is the greatest common divisor of 4 and 236?
4
Calculate the greatest common divisor of 12 and 3138.
6
Calculate the greatest common divisor of 63 and 651.
21
Calculate the greatest common factor of 2158 and 52.
26
Calculate the greatest common divisor of 10 and 21940.
10
What is the highest common divisor of 2 and 9?
1
Calculate the greatest common factor of 147 and 784.
49
Calculate the greatest common factor of 27 and 4032.
9
What is the highest common factor of 8 and 268?
4
Calculate the greatest common factor of 2008 and 12.
4
What is the greatest common divisor of 7 and 14021?
7
Calculate the highest common factor of 52 and 9412.
52
Calculate the highest common divisor of 2720 and 85.
85
What is the greatest common factor of 570 and 76?
38
Calculate the highest common divisor of 892 and 15387.
223
What is the highest common divisor of 14 and 91?
7
Calculate the greatest common factor of 11039 and 133.
133
Calculate the highest common factor of 279 and 248.
31
Calculate the greatest common factor of 32 and 944.
16
What is the greatest common divisor of 107 and 2568?
107
What is the greatest common divisor of 4096 and 8?
8
What is the highest common factor of 2 and 1379?
1
Calculate the highest common factor of 42 and 2478.
42
What is the greatest common factor of 129 and 344?
43
Calculate the highest common factor of 88 and 66.
22
Calculate the greatest common divisor of 3064 and 24.
8
What is the greatest common factor of 324 and 102?
6
Calculate the highest common factor of 837 and 90.
9
Calculate the greatest common factor of 972 and 5292.
108
What is the greatest common divisor of 1088 and 1564?
68
What is the highest common divisor of 175 and 50?
25
What is the greatest common divisor of 126 and 84?
42
What is the highest common factor of 5125 and 100?
25
Calculate the highest common factor of 60 and 1060.
20
What is the highest common divisor of 252 and 42?
42
What is the highest common factor of 28 and 7504?
28
Calculate the greatest common divisor of 44 and 946.
22
Calculate the highest common factor of 12 and 876.
12
What is the highest common factor of 15 and 843?
3
What is the greatest common factor of 29 and 464?
29
What is the highest common factor of 56 and 2884?
28
Calculate the greatest common divisor of 2189 and 22.
11
What is the highest common divisor of 171 and 323?
19
What is the highest common factor of 5831 and 952?
119
Calculate the greatest common divisor of 9 and 116307.
9
Calculate the greatest common divisor of 40010 and 20.
10
What is the highest common factor of 413 and 28?
7
What is the greatest common divisor of 4 and 376?
4
What is the greatest common divisor of 12 and 26244?
12
What is the highest common factor of 1015 and 875?
35
What is the greatest common divisor of 157 and 1413?
157
What is the highest common divisor of 1024 and 320?
64
What is the greatest common divisor of 1014 and 294?
6
What is the greatest common factor of 1068 and 60?
12
What is the greatest common factor of 4209 and 46?
23
Calculate the highest common divisor of 36 and 96.
12
What is the highest common factor of 275 and 3355?
55
Calculate the highest common factor of 7 and 1.
1
What is the highest common factor of 776 and 40?
8
What is the greatest common divisor of 32 and 680?
8
What is the greatest common factor of 1426 and 124?
62
Calculate the highest common divisor of 471 and 24.
3
Calculate the highest common factor of 5 and 1415.
5
What is the highest common factor of 1004 and 4?
4
What is the highest common divisor of 60 and 5004?
12
What is the highest common divisor of 90 and 225?
45
What is the highest common divisor of 216 and 11556?
108
What is the greatest common factor of 732 and 14884?
244
Calculate the greatest common divisor of 99 and 2409.
33
Calculate the highest common divisor of 18515 and 35.
35
Calculate the highest common factor of 616 and 1056.
88
Calculate the highest common factor of 2881 and 645.
43
Calculate the highest common divisor of 76 and 988.
76
What is the greatest common factor of 780 and 150?
30
What is the highest common divisor of 75 and 200?
25
Calculate the greatest common divisor of 31515 and 15.
15
Calculate the greatest common divisor of 5 and 6.
1
What is the highest common factor of 156 and 48?
12
Calculate the highest common factor of 2385 and 1125.
45
Calculate the greatest common factor of 6 and 114.
6
Calculate the greatest common divisor of 324 and 12.
12
Calculate the greatest common divisor of 432 and 80.
16
Calculate the greatest common divisor of 34 and 6511.
17
Calculate the greatest common factor of 135 and 23310.
45
Calculate the highest common factor of 4843 and 29.
29
What is the highest common factor of 5 and 45?
5
What is the highest common divisor of 1700 and 700?
100
Calculate the highest common factor of 68 and 221.
17
What is the highest common divisor of 1054 and 136?
34
What is the highest common factor of 561 and 306?
51
Calculate the highest common divisor of 12 and 60.
12
What is the greatest common factor of 38 and 19?
19
What is the greatest common factor of 21 and 2289?
21
What is the highest common factor of 147 and 966?
21
Calculate the highest common factor of 171 and 1323.
9
Calculate the greatest common factor of 42 and 350.
14
What is the highest common factor of 192 and 972?
12
Calculate the highest common divisor of 224 and 1312.
32
Calculate the highest common divisor of 39 and 11310.
39
What is the greatest common divisor of 48 and 444?
12
What is the highest common divisor of 310 and 62?
62
What is the greatest common factor of 3318 and 28?
14
Calculate the greatest common divisor of 4 and 10.
2
Calculate the highest common factor of 612 and 561.
51
What is the highest common factor of 475 and 57?
19
What is the greatest common divisor of 96 and 276?
12
What is the highest common divisor of 94 and 752?
94
What is the greatest common factor of 20 and 13810?
10
What is the greatest common factor of 9 and 105?
3
What is the greatest common divisor of 1143 and 5842?
127
What is the greatest common fact